{"id":109,"date":"2017-02-10T09:37:42","date_gmt":"2017-02-10T09:37:42","guid":{"rendered":"http:\/\/martina.truppetreibholz.ch\/?page_id=109"},"modified":"2025-03-27T16:17:49","modified_gmt":"2025-03-27T15:17:49","slug":"treibholz-crew","status":"publish","type":"page","link":"https:\/\/www.truppetreibholz.ch\/index.php\/uber-uns\/treibholz-crew\/","title":{"rendered":"Treibholz Crew"},"content":{"rendered":"<p><strong>Nicole Knuth<\/strong><br \/>\nSie ist der kreative Kopf der Truppe, zudem Schauspielerin, Kabarettistin, Bilderverdichterin und Meisterin des Fingerballetts. Ihr Duo Knuth und Tucek war jahrelang erfolgreich in der Schweiz und in Deutschland unterwegs und hat s\u00e4mtliche wichtigen Kabarettpreise abger\u00e4umt. Heute ist Nicole Knuth in wechselnden Formationen zu sehen.<br \/>\n<a href=\"https:\/\/www.nicoleknuth.ch\/\">nicoleknuth.ch<\/a><\/p>\n<p><strong>Giulia Pompeo<\/strong><br \/>\nSie ist Schreiberin, Szenenflechterfinderin und Dialogspinnerin der Truppe. Zudem Co-Leiterin, T\u00e4tschmeisterin und Produktionsleiterin der Treibh\u00f6lzer.<\/p>\n<p><strong>Barbara Stucky<\/strong><br \/>\nSie ist Musikerin mit Spezialgebiet Stimme, schult und begleitet das Ensemble. Zudem ist sie passionierte Projektentwicklerin.<br \/>\n<a href=\"http:\/\/www.barbarastucky.ch\/\">barbarastucky.ch<\/a><\/p>\n<p><strong>Lukas Meyer<\/strong><br \/>\nEr ist der Beleuchter und Techniker, zudem Musikant, Leuchtturm und Allesk\u00f6nner.<\/p>\n<p><strong>Ursi Schmid<\/strong><br \/>\nSie schwingt den Kochl\u00f6ffel, ist Gastromagierin, zudem Theaterseele und Mise-en-place-Meisterin.<\/p>\n<p><strong>Connie Schiess<\/strong><br \/>\nSie hat ein Auge f\u00fcr \u00c4sthetik, ist Grafikerin, zudem B\u00fchnenraum-Gestaltungsvirtuosin und erfindungsreiche Kost\u00fcmiere.<\/p>\n<p><strong>Yaiza Cabrera<\/strong><br \/>\nSie ist Grafikerin und hat den Werbeauftritt der Truppe Treibholz kreiert, zudem ist sie eine Seele von Mensch und als Schauspielerin eine Wucht.<\/p>\n<p><strong>Barbara Cabrera<\/strong><br \/>\nSie ist zust\u00e4ndig f\u00fcr die Reservationen und f\u00fcr den freundlichen Empfang an Telefon und Kasse. Zudem ist sie Turmgut-Weinmacherin, Kulturprojekt-Unterst\u00fctzerin und begnadete K\u00f6chin.<\/p>\n<p><strong>Felix Egli<\/strong><br \/>\nEr ist der Informatikcrack, zudem Entwerfer und Supporter von cleveren Reservationssystemen.<\/p>\n","protected":false},"excerpt":{"rendered":"<p>Nicole Knuth Sie ist der kreative Kopf der Truppe, zudem Schauspielerin, Kabarettistin, Bilderverdichterin und Meisterin des Fingerballetts. Ihr Duo Knuth und Tucek war jahrelang erfolgreich in der Schweiz und in Deutschland unterwegs und hat s\u00e4mtliche wichtigen Kabarettpreise abger\u00e4umt. Heute ist Nicole Knuth in wechselnden Formationen zu sehen. nicoleknuth.ch Giulia Pompeo Sie ist Schreiberin, Szenenflechterfinderin und &hellip; <a href=\"https:\/\/www.truppetreibholz.ch\/index.php\/uber-uns\/treibholz-crew\/\" class=\"more-link\"><span class=\"screen-reader-text\">&#8220;Treibholz Crew&#8221; <\/span>weiterlesen<\/a><\/p>\n","protected":false},"author":1,"featured_media":0,"parent":27,"menu_order":0,"comment_status":"closed","ping_status":"closed","template":"","meta":{"footnotes":""},"class_list":["post-109","page","type-page","status-publish","hentry"],"aioseo_notices":[],"_links":{"self":[{"href":"https:\/\/www.truppetreibholz.ch\/index.php\/wp-json\/wp\/v2\/pages\/109","targetHints":{"allow":["GET"]}}],"collection":[{"href":"https:\/\/www.truppetreibholz.ch\/index.php\/wp-json\/wp\/v2\/pages"}],"about":[{"href":"https:\/\/www.truppetreibholz.ch\/index.php\/wp-json\/wp\/v2\/types\/page"}],"author":[{"embeddable":true,"href":"https:\/\/www.truppetreibholz.ch\/index.php\/wp-json\/wp\/v2\/users\/1"}],"replies":[{"embeddable":true,"href":"https:\/\/www.truppetreibholz.ch\/index.php\/wp-json\/wp\/v2\/comments?post=109"}],"version-history":[{"count":13,"href":"https:\/\/www.truppetreibholz.ch\/index.php\/wp-json\/wp\/v2\/pages\/109\/revisions"}],"predecessor-version":[{"id":1926,"href":"https:\/\/www.truppetreibholz.ch\/index.php\/wp-json\/wp\/v2\/pages\/109\/revisions\/1926"}],"up":[{"embeddable":true,"href":"https:\/\/www.truppetreibholz.ch\/index.php\/wp-json\/wp\/v2\/pages\/27"}],"wp:attachment":[{"href":"https:\/\/www.truppetreibholz.ch\/index.php\/wp-json\/wp\/v2\/media?parent=109"}],"curies":[{"name":"wp","href":"https:\/\/api.w.org\/{rel}","templated":true}]}}